08-21 16:42:53.123 12236 12236 D EmacsView: popupMenu: org.gnu.emacs.EmacsContextMenu@2e9b64 @145, 18 false
08-21 16:42:53.258 12236 12236 D EmacsActivity: onWindowFocusChanged: NO
08-21 16:42:55.591 12236 12236 D EmacsContextMenu: onMenuItemClick: Execute Command (502)
08-21 16:42:55.593 12236 12236 D EmacsActivity: onContextMenuClosed: com.android.internal.view.menu.ContextMenuBuilder@5ef65a1
08-21 16:42:55.609 12236 12236 D InputMethodManager: showSoftInput() view=org.gnu.emacs.EmacsView{25484f6 VFE...... .F.....D 0,0-1080,2315 aid=1} flags=0 reason=SHOW_SOFT_INPUT
08-21 16:42:55.615 12236 12236 D EmacsView: onCreateInputConnection: current selection is: 4, by 4
08-21 16:42:55.628 17984 17984 I GoogleInputMethodService: GoogleInputMethodService.onStartInputView():2031 onStartInputView(EditorInfo{EditorInfo{packageName=org.gnu.emacs, inputType=1, inputTypeString=Normal, enableLearning=true, autoCorrection=true, autoComplete=true, imeOptions=12000000, privateImeOptions=null, actionName=UNSPECIFIED, actionLabel=null, initialSelStart=0, initialSelEnd=0, initialCapsMode=0, label=null, fieldId=-1, fieldName=null, extras=null, hintText=null, hintLocales=[]}}, false)
08-21 16:42:55.630 12236 12236 D EmacsActivity: onWindowFocusChanged: YES
08-21 16:42:55.664 17984 17984 I AndroidIME: AbstractIme.onActivate():85 LatinIme.onActivate() : EditorInfo = EditorInfo{packageName=org.gnu.emacs, inputType=1, inputTypeString=Normal, enableLearning=true, autoCorrection=true, autoComplete=true, imeOptions=12000000, privateImeOptions=null, actionName=UNSPECIFIED, actionLabel=null, initialSelStart=0, initialSelEnd=0, initialCapsMode=0, label=null, fieldId=-1, fieldName=null, extras=null, hintText=null, hintLocales=[]}, IncognitoMode = false, DeviceLocked = false
08-21 16:42:55.722 17984 17984 I GoogleInputMethodService: GoogleInputMethodService.onStartInput():1902 onStartInput(EditorInfo{EditorInfo{packageName=org.gnu.emacs, inputType=1, inputTypeString=Normal, enableLearning=true, autoCorrection=true, autoComplete=true, imeOptions=12000006, privateImeOptions=null, actionName=DONE, actionLabel=null, initialSelStart=4, initialSelEnd=4, initialCapsMode=0, label=null, fieldId=-1, fieldName=null, extras=null, hintText=null, hintLocales=[]}}, false)
08-21 16:42:55.724 17984 17984 I GoogleInputMethodService: GoogleInputMethodService.onStartInputView():2031 onStartInputView(EditorInfo{EditorInfo{packageName=org.gnu.emacs, inputType=1, inputTypeString=Normal, enableLearning=true, autoCorrection=true, autoComplete=true, imeOptions=12000006, privateImeOptions=null, actionName=DONE, actionLabel=null, initialSelStart=4, initialSelEnd=4, initialCapsMode=0, label=null, fieldId=-1, fieldName=null, extras=null, hintText=null, hintLocales=[]}}, false)
08-21 16:42:55.726 17984 17984 I AndroidIME: AbstractIme.onActivate():85 LatinIme.onActivate() : EditorInfo = EditorInfo{packageName=org.gnu.emacs, inputType=1, inputTypeString=Normal, enableLearning=true, autoCorrection=true, autoComplete=true, imeOptions=12000006, privateImeOptions=null, actionName=DONE, actionLabel=null, initialSelStart=4, initialSelEnd=4, initialCapsMode=0, label=null, fieldId=-1, fieldName=null, extras=null, hintText=null, hintLocales=[]}, IncognitoMode = false, DeviceLocked = false
08-21 16:42:55.877 12236 12236 D EmacsView: onLayout: org.gnu.emacs.EmacsSurfaceView{7a3ed91 V.ED..... ........ 0,0-1080,2315}
08-21 16:42:55.888 12236 12259 I org.gnu.emacs: Explicit concurrent copying GC freed 8717(537KB) AllocSpace objects, 0(0B) LOS objects, 49% free, 2410KB/4821KB, paused 21us,9us total 3.763ms
08-21 16:43:27.291 12236 12236 E AndroidRuntime: Process: org.gnu.emacs, PID: 12236
08-21 16:43:27.291 12236 12236 E AndroidRuntime: java.lang.IllegalArgumentException: org.gnu.emacs: Targeting S+ (version 31 and above) requires that one of FLAG_IMMUTABLE or FLAG_MUTABLE be specified when creating a PendingIntent.
08-21 16:43:27.291 12236 12236 E AndroidRuntime: at org.gnu.emacs.EmacsDesktopNotification.display1(EmacsDesktopNotification.java:151)
08-21 16:43:27.291 12236 12236 E AndroidRuntime: at org.gnu.emacs.EmacsDesktopNotification.access$000(EmacsDesktopNotification.java:45)
08-21 16:43:27.291 12236 12236 E AndroidRuntime: at org.gnu.emacs.EmacsDesktopNotification$1.run(EmacsDesktopNotification.java:171)
08-21 16:43:27.293 1876 5131 D ActivityManager: New dropbox entry: org.gnu.emacs, data_app_crash, 1774bd0a-4780-448c-8fc9-697de02201af
08-21 16:43:27.293 1876 5131 W ActivityTaskManager: Force finishing activity org.gnu.emacs/.EmacsActivity
08-21 16:43:27.301 1525 1525 I JavaDumper:JavaDumperThread: addEvent: data_app_crash@1692629007298.txt processName: org.gnu.emacs
08-21 16:43:27.308 5248 5248 I Freeform: onTaskRemovalStarted TaskInfo{userId=0 taskId=81701 displayId=0 isRunning=false baseIntent=Intent { flg=0x10008000 cmp=org.gnu.emacs/.EmacsActivity } baseActivity=null topActivity=null origActivity=null realActivity=ComponentInfo{org.gnu.emacs/org.gnu.emacs.EmacsActivity} numActivities=0 lastActiveTime=109075642 supportsSplitScreenMultiWindow=true supportsMultiWindow=true resizeMode=1 isResizeable=true token=WCT{android.window.IWindowContainerToken$Stub$Proxy@2da9d9b} topActivityType=1 pictureInPictureParams=PictureInPictureParams( aspectRatio=null sourceRectHint=null hasSetActions=false isAutoPipEnabled=false isSeamlessResizeEnabled=true) displayCutoutSafeInsets=null topActivityInfo=null launchCookies=[] positionInParent=Point(0, 0) parentTaskId=-1 isFocused=true isVisible=true topActivityInSizeCompat=false locusId= null}
08-21 16:43:27.348 1876 6708 I ActivityManager: Process org.gnu.emacs (pid 12236) has died: fg TOP
08-21 16:43:27.349 1876 2347 I WindowManager: WIN DEATH: Window{2e04dd6 u0 org.gnu.emacs/org.gnu.emacs.EmacsActivity}
08-21 16:43:27.349 1876 2347 W InputManager-JNI: Input channel object '2e04dd6 org.gnu.emacs/org.gnu.emacs.EmacsActivity (client)' was disposed without first being removed with the input manager!
08-21 16:43:27.794 1876 1933 W ActivityTaskManager: Activity top resumed state loss timeout for ActivityRecord{b36ca02 u0 org.gnu.emacs/.EmacsActivity t-1 f}} movalStarted TaskInfo{userId=0 taskId=81701 displayId=0 isRunning=false baseIntent=Intent { flg=0x10008000 cmp=org.gnu.emacs/.EmacsActivity } baseActivity=null topActivity=null origActivity=null realActivity=ComponentInfo{org.gnu.emacs/org.gnu.emacs.EmacsActivity} numActivities=0 lastActiveTime=109075642 supportsSplitScreenMultiWindow=true supportsMultiWindow=true resizeMode=1 isResizeable=true token=WCT{android.window.IWindowContainerToken$Stub$Proxy@2da9d9b} topActivityType=1 pictureInPictureParams=PictureInPictureParams( aspectRatio=null sourceRectHint=null hasSetActions=false isAutoPipEnabled=false isSeamlessResizeEnabled=true) displayCutoutSafeInsets=null topActivityInfo=null launchCookies=[] positionInParent=Point(0, 0) parentTaskId=-1 isFocused=true isVisible=true topActivityInSizeCompat=false locusId= null}
08-21 16:43:27.348 1876 6708 I ActivityManager: Process org.gnu.emacs (pid 12236) has died: fg TOP
08-21 16:43:27.349 1876 2347 I WindowManager: WIN DEATH: Window{2e04dd6 u0 org.gnu.emacs/org.gnu.emacs.EmacsActivity}
08-21 16:43:27.349 1876 2347 W InputManager-JNI: Input channel object '2e04dd6 org.gnu.emacs/org.gnu.emacs.EmacsActivity (client)' was disposed without first being removed with the input manager!
08-21 16:43:27.794 1876 1933 W ActivityTaskManager: Activity top resumed state loss timeout for ActivityRecord{b36ca02 u0 org.gnu.emacs/.EmacsActivity t-1 f}} movalStarted TaskInfo{userId=0 taskId=81701 displayId=0 isRunning=false baseIntent=Intent { flg=0x10008000 cmp=org.gnu.emacs/.EmacsActivity } baseActivity=null topActivity=null origActivity=null realActivity=ComponentInfo{org.gnu.emacs/org.gnu.emacs.EmacsActivity} numActivities=0 lastActiveTime=109075642 supportsSplitScreenMultiWindow=true supportsMultiWindow=true resizeMode=1 isResizeable=true token=WCT{android.window.IWindowContainerToken$Stub$Proxy@2da9d9b} topActivityType=1 pictureInPictureParams=PictureInPictureParams( aspectRatio=null sourceRectHint=null hasSetActions=false isAutoPipEnabled=false isSeamlessResizeEnabled=true) displayCutoutSafeInsets=null topActivityInfo=null launchCookies=[] positionInParent=Point(0, 0) parentTaskId=-1 isFocused=true isVisible=true topActivityInSizeCompat=false locusId= null}
08-21 16:43:27.348 1876 6708 I ActivityManager: Process org.gnu.emacs (pid 12236) has died: fg TOP
08-21 16:43:27.349 1876 2347 I WindowManager: WIN DEATH: Window{2e04dd6 u0 org.gnu.emacs/org.gnu.emacs.EmacsActivity}
08-21 16:43:27.349 1876 2347 W InputManager-JNI: Input channel object '2e04dd6 org.gnu.emacs/org.gnu.emacs.EmacsActivity (client)' was disposed without first being removed with the input manager!
08-21 16:43:27.794 1876 1933 W ActivityTaskManager: Activity top resumed state loss timeout for ActivityRecord{b36ca02 u0 org.gnu.emacs/.EmacsActivity t-1 f}} movalStarted TaskInfo{userId=0 taskId=81701 displayId=0 isRunning=false baseIntent=Intent { flg=0x10008000 cmp=org.gnu.emacs/.EmacsActivity } baseActivity=null topActivity=null origActivity=null realActivity=ComponentInfo{org.gnu.emacs/org.gnu.emacs.EmacsActivity} numActivities=0 lastActiveTime=109075642 supportsSplitScreenMultiWindow=true supportsMultiWindow=true resizeMode=1 isResizeable=true token=WCT{android.window.IWindowContainerToken$Stub$Proxy@2da9d9b} topActivityType=1 pictureInPictureParams=PictureInPictureParams( aspectRatio=null sourceRectHint=null hasSetActions=false isAutoPipEnabled=false isSeamlessResizeEnabled=true) displayCutoutSafeInsets=null topActivityInfo=null launchCookies=[] positionInParent=Point(0, 0) parentTaskId=-1 isFocused=true isVisible=true topActivityInSizeCompat=false locusId= null}
08-21 16:43:27.348 1876 6708 I ActivityManager: Process org.gnu.emacs (pid 12236) has died: fg TOP
08-21 16:43:27.349 1876 2347 I WindowManager: WIN DEATH: Window{2e04dd6 u0 org.gnu.emacs/org.gnu.emacs.EmacsActivity}
08-21 16:43:27.349 1876 2347 W InputManager-JNI: Input channel object '2e04dd6 org.gnu.emacs/org.gnu.emacs.EmacsActivity (client)' was disposed without first being removed with the input manager!
08-21 16:43:27.794 1876 1933 W ActivityTaskManager: Activity top resumed state loss timeout for ActivityRecord{b36ca02 u0 org.gnu.emacs/.EmacsActivity t-1 f}}